{"id":7,"date":"2023-12-14T11:22:52","date_gmt":"2023-12-14T10:22:52","guid":{"rendered":"https:\/\/moncodecine.fr\/?page_id=7"},"modified":"2023-12-14T11:23:22","modified_gmt":"2023-12-14T10:23:22","slug":"7-2","status":"publish","type":"page","link":"https:\/\/moncodecine.fr\/","title":{"rendered":"Home"},"content":{"rendered":"\n<div class=\"wp-block-group alignfull has-secondary-color has-text-color has-background has-link-color wp-elements-72c4bed72e568357b38a8f5d5c0e790e is-layout-flow wp-block-group-is-layout-flow\" style=\"background:linear-gradient(195deg,rgb(255,203,112) 0%,rgb(199,81,192) 50%,rgb(65,88,208) 100%);padding-top:var(--wp--custom--spacing--large, 8rem);padding-bottom:var(--wp--custom--spacing--large, 8rem)\">\n<figure class=\"wp-block-image aligncenter size-full is-resized\"><img loading=\"lazy\" decoding=\"async\" width=\"3508\" height=\"789\" src=\"https:\/\/moncodecine.fr\/wp-content\/uploads\/2023\/12\/logo_014FRANCIA_2020-large.png\" alt=\"\" class=\"wp-image-23\" style=\"width:542px;height:auto\" srcset=\"https:\/\/moncodecine.fr\/wp-content\/uploads\/2023\/12\/logo_014FRANCIA_2020-large.png 3508w, https:\/\/moncodecine.fr\/wp-content\/uploads\/2023\/12\/logo_014FRANCIA_2020-large-300x67.png 300w, https:\/\/moncodecine.fr\/wp-content\/uploads\/2023\/12\/logo_014FRANCIA_2020-large-1024x230.png 1024w, https:\/\/moncodecine.fr\/wp-content\/uploads\/2023\/12\/logo_014FRANCIA_2020-large-768x173.png 768w, https:\/\/moncodecine.fr\/wp-content\/uploads\/2023\/12\/logo_014FRANCIA_2020-large-1536x345.png 1536w, https:\/\/moncodecine.fr\/wp-content\/uploads\/2023\/12\/logo_014FRANCIA_2020-large-2048x461.png 2048w\" sizes=\"(max-width: 3508px) 100vw, 3508px\" \/><\/figure>\n\n\n\n<div class=\"wp-block-group alignfull is-layout-constrained wp-block-group-is-layout-constrained\">\n<p class=\"has-text-align-center\"><mark style=\"background-color:rgba(0, 0, 0, 0)\" class=\"has-inline-color has-secondary-color\"><mark align=\"justify\" style=\"background-color:rgba(0, 0, 0, 0)\" class=\"has-inline-color has-secondary-color\">Le r\u00e9seau Cin\u00e9Ch\u00e8que, c\u2019est un choix incomparable de cin\u00e9mas \u00e0 travers toute la France. Pr\u00e8s de chez vous, ou de votre lieu de vacances, il y a toujours un cin\u00e9ma affili\u00e9 au r\u00e9seau Cin\u00e9Ch\u00e8que. Du cin\u00e9ma de proximit\u00e9 aux plus grands multiplexes, choisissez le cin\u00e9ma qui vous correspond.<\/mark><\/mark><\/p>\n\n\n\n<p class=\"has-text-align-center\"><mark style=\"background-color:rgba(0, 0, 0, 0)\" class=\"has-inline-color has-secondary-color\"><mark style=\"background-color:rgba(0, 0, 0, 0)\" class=\"has-inline-color has-secondary-color\"><strong>D\u00e9couvrez sur la carte ci-dessous o\u00f9 profiter de votre e-billet Cin\u00e9Ch\u00e8que en cochant uniquement la case \u00ab\u00a0CINECHEQUE\u00a0\u00bb.<\/strong><\/mark><\/mark><\/p>\n\n\n\n<div style=\"height:19px\" aria-hidden=\"true\" class=\"wp-block-spacer\"><\/div>\n<\/div>\n\n\n<p><iframe src=\"https:\/\/www.reseauxdecines.com\/creseaux\/\" title=\"Carte cin\u00e9mas France\" width=\"100%\" height= \"1000\"><\/iframe><\/p>\n\n\n\n<div class=\"wp-block-group is-layout-constrained wp-block-group-is-layout-constrained\">\n<p class=\"has-small-font-size\"><u><b>Conditions d&rsquo;utilisation :<\/b><\/u> <\/p>\n\n\n\n<p class=\"has-text-align-left\" style=\"font-size:0.8rem\"><em>Transmis par l\u2019interm\u00e9diaire de 014 Media, ce e-billet est \u00e9mis par Cin\u00e9Ch\u00e8que.<br>La date de validit\u00e9 et la plage d\u2019utilisation figurant sur ce e-billet sont fermes, d\u00e9finitives et non n\u00e9gociables. Il ne peut \u00eatre ni repris, ni prolong\u00e9, ni \u00e9chang\u00e9. Ce e-billet n\u2019est pas nominatif. Conservez-le de fa\u00e7on discr\u00e8te. Cin\u00e9ch\u00e8que ne saurait \u00eatre tenu responsable d\u2019une \u00e9ventuelle utilisation frauduleuse. Ainsi et par exemple, la premi\u00e8re personne \u00e0 pr\u00e9senter ce e-Cin\u00e9ch\u00e8que sera pr\u00e9sum\u00e9e \u00eatre le porteur l\u00e9gitime et sera admise \u00e0 assister \u00e0 la s\u00e9ance.<br><br>Si vous le souhaitez, vous pouvez \u00e0 tout moment \u00e9changer vos places contre des codes VOD pendant toute la dur\u00e9e de validit\u00e9 de vos e-billets.<br><br>Aucun compl\u00e9ment de prix ne peut \u00eatre demand\u00e9 en caisse, sauf \u00e9ventuellement pour les s\u00e9ances en 3D.<\/em><\/p>\n<\/div>\n<\/div>\n","protected":false},"excerpt":{"rendered":"<p>Le r\u00e9seau Cin\u00e9Ch\u00e8que, c\u2019est un choix incomparable de cin\u00e9mas \u00e0 travers toute la France. Pr\u00e8s de chez vous, ou de votre lieu de vacances, il y a toujours un cin\u00e9ma affili\u00e9 au r\u00e9seau Cin\u00e9Ch\u00e8que. Du cin\u00e9ma de proximit\u00e9 aux plus grands multiplexes, choisissez le cin\u00e9ma qui vous correspond. D\u00e9couvrez sur la carte ci-dessous o\u00f9 profiter [&hellip;]<\/p>\n","protected":false},"author":1,"featured_media":0,"parent":0,"menu_order":0,"comment_status":"closed","ping_status":"closed","template":"blank","meta":{"footnotes":""},"_links":{"self":[{"href":"https:\/\/moncodecine.fr\/index.php?rest_route=\/wp\/v2\/pages\/7"}],"collection":[{"href":"https:\/\/moncodecine.fr\/index.php?rest_route=\/wp\/v2\/pages"}],"about":[{"href":"https:\/\/moncodecine.fr\/index.php?rest_route=\/wp\/v2\/types\/page"}],"author":[{"embeddable":true,"href":"https:\/\/moncodecine.fr\/index.php?rest_route=\/wp\/v2\/users\/1"}],"replies":[{"embeddable":true,"href":"https:\/\/moncodecine.fr\/index.php?rest_route=%2Fwp%2Fv2%2Fcomments&post=7"}],"version-history":[{"count":25,"href":"https:\/\/moncodecine.fr\/index.php?rest_route=\/wp\/v2\/pages\/7\/revisions"}],"predecessor-version":[{"id":34,"href":"https:\/\/moncodecine.fr\/index.php?rest_route=\/wp\/v2\/pages\/7\/revisions\/34"}],"wp:attachment":[{"href":"https:\/\/moncodecine.fr\/index.php?rest_route=%2Fwp%2Fv2%2Fmedia&parent=7"}],"curies":[{"name":"wp","href":"https:\/\/api.w.org\/{rel}","templated":true}]}}